6)/(7/(-7455)). Let c = a + -796. What are the prime factors of (c/(-6))/(-1)*(-12)/18?
7
Suppose -119841 = -44*t + 99015. List the prime factors of t.
2, 3, 829
Suppose 4*p - 428 = -2*z, 7*z - 8*z - p + 212 = 0. Suppose -215*s + 835 = -z*s. What are the prime factors of s?
167
Suppose -4*g - 2*f = -1156, 0 = 5*g - 2*g + 5*f - 874. Suppose -493 = -4*q - 3*h + 754, 4*h + g = q. What are the prime factors of q?
2, 7, 11
Let t(s) = 8*s - 68. Let p be t(9). Suppose -1755 + 4867 = p*i. What are the prime factors of i?
2, 389
Suppose -79389 - 727203 = -192*t. List the prime factors of t.
4201
Let o be (-2 + 4 - 1)*-5. Let i(x) = -73*x - 30. List the prime factors of i(o).
5, 67
Suppose 43 + 38 = p - q, 4*q - 292 = -4*p. Suppose 2*w - 39 = p. What are the prime factors of (-1)/4 - 26*w/(-16)?
2, 47
Suppose -12*s + 6*s = -72. Suppose -2*z + s*j - 8*j = -238, 131 = z + 2*j. List the prime factors of z.
5
Suppose 3*t + 3*q = -t - 72, 0 = 2*t - q + 36. List the prime factors of 30/t*3 + 190.
5, 37
Let n(x) be the third derivative of -1/3*x**4 + 0 - 2/3*x**3 + 0*x + x**2 + 1/20*x**5. What are the prime factors of n(-4)?
2, 19
Let k(c) be the third derivative of 1/60*c**5 - 4/3*c**3 + 0 + 10*c**2 + 0*c + 1/3*c**4. What are the prime factors of k(5)?
3, 19
Let y be 2/(((-12)/45)/(-2)). Suppose -y*n + 130 = -10*n. List the prime factors of n.
2, 13
Suppose -n - 4*n + 4*c + 62 = 0, 5*n - 41 = -3*c. Suppose 284 = n*k + 24. List the prime factors of k.
2, 13
Let m be ((-16)/8)/((-2)/12). Suppose m*w + 6*w - 5418 = 0. Let c = w - 214. What are the prime factors of c?
3, 29
Let h = -208 - -466. Let r be h/21 + 10/(-35). List the prime factors of (15/(-9))/((-1)/r).
2, 5
Suppose t - 3*h = 236, 3*t + 4*h - 673 = 6*h. Let i = 2 - -1. Suppose 0 = 4*j - 5*l - t, 4*l = j + i*l - 56. List the prime factors of j.
59
Let x(j) = -j**3 - 16*j**2 + 17*j. Let v = -40 + 23. Let h be x(v). Suppose 5*u - w = -h*w + 20, -15 = -3*w. List the prime factors of u.
5
Suppose 224 = 4*y + 3*c, -19*c = -18*c. Suppose 59*m - 1161 = y*m. What are the prime factors of m?
3, 43
Let h(a) = -7*a - 3. Let q be h(-3). Let k be -8*4/(-16) + 25/1. Let r = k - q. List the prime factors of r.
3
Let w = 2577 - -9455. List the prime factors of w.
2, 47
Let u(z) = 14*z**2 + 5*z + 4. Let v be u(-4). Suppose -v = -8*b - 8*b. What are the prime factors of b?
13
Let q be (0 + -1)/((-3)/129). Let v(u) = 20*u + 23. Let i be v(-4). Let x = q - i. List the prime factors of x.
2, 5
Let p = 379 + -386. What are the prime factors of 2/(-12) + (35115/90 - p)?
397
Suppose a + 2*a + o - 64 = 0, -2*a = 3*o - 45. What are the prime factors of (-384 + a)/(-1 - -3)*-2?
3, 11
What are the prime factors of (1364602/60 + -2 - 44/(-330))*2?
3, 15161
Let q be 3*1/(-2)*(-52)/39. Suppose -2 = -r + 1, 0 = -q*j + 2*r - 4. What are the prime factors of (j/4 - 4/(-16))*38?
19
Let n(t) = -215*t + 34. Let h be n(-4). Suppose -1008 = -6*d + h. List the prime factors of d.
317
Let f = -90981 - -128997. What are the prime factors of f?
2, 3, 11
Suppose -3*n + 4*f + 22721 = 0, -2*n - 7571 = -3*n + 2*f. What are the prime factors of n?
11, 13, 53
Suppose 40 = -22*p - 4. List the prime factors of ((-21)/p)/(-7)*-2 - -261.
2, 3, 11
Suppose w + 2*h - 19 = 0, 62 = 4*w - 5*h + 6*h. Suppose -w*m = -11*m - 444. What are the prime factors of m?
3, 37
Suppose 4 = 2*o + 5*v, -30 = -4*o - 4*v + 2. Let r = 380 + o. What are the prime factors of r?
2, 7
Suppose -12169 = 3*z - 6*z - f, 4*f = -3*z + 12181. List the prime factors of z.
5, 811
Let z = -93 + 99. Let c = 114 + z. What are the prime factors of c?
2, 3, 5
Suppose 3*x = 302*b - 307*b + 61260, -b + 5*x + 12252 = 0. List the prime factors of b.
2, 3, 1021
Let c(g) = 148*g - 195. What are the prime factors of c(13)?
7, 13, 19
Suppose -9 = 3*p, 5*i = -2*p + 4 + 5. Suppose -14 = -i*h - 17. Let w(l) = -78*l + 3. What are the prime factors of w(h)?
3
Let t(q) be the first derivative of 134*q**3/3 - 15*q**2 - 2*q + 130. List the prime factors of t(3).
2, 557
Suppose q + 25 = 4*r, -r + q = 35 - 39. Let w be (2 - (-6)/(-3))/(-1). Suppose w*y = -r*y + 497. What are the prime factors of y?
71
Let m(p) be the second derivative of 7*p**4/12 - 5*p**3/3 + 19*p**2/2 + 16*p. Let o be m(5). Suppose 3*r - o = -r. List the prime factors of r.
2, 3
Suppose -32 = -16*v + 12*v. Suppose 4 = 4*g - v. Suppose -x = h + 2*x - 43, -141 = -g*h - 5*x. List the prime factors of h.
2, 13
Let m = 2478 + -2032. What are the prime factors of m?
2, 223
Suppose 4*m = -y - 49, -4*m + 6*y - 34 = 4*y. Let i(s) be the second derivative of s**5/20 + s**4 + s**3/2 - 5*s**2 - s. What are the prime factors of i(m)?
2, 3, 13
Suppose -22*n - 446 = -23*n. Let i = n + -192. List the prime factors of i.
2, 127
Suppose x - 2*x + 345 = -4*b, -4*b = 2*x - 666. Suppose -1617 + x = -5*j. Suppose -6*l = -j - 146. What are the prime factors of l?
67
Let t = -82 + 87. Suppose 0 = -t*j + 20, -4*r + 9*r = -4*j + 516. What are the prime factors of r?
2, 5
Let m be 20 + 3/((-12)/16) - 4. Let b = -24 + 50. Let x = m + b. What are the prime factors of x?
2, 19
Let n = -1449 + 4315. What are the prime factors of n?
2, 1433
Suppose -139*w + 1128497 = -813027 - 275387. List the prime factors of w.
41, 389
Suppose -71*h + 26251 = -286007. What are the prime factors of h?
2, 3, 733
Let r = 10 + -4. Let k(w) = w**3 + 5*w**2 + 13*w + 7. List the prime factors of k(r).
13, 37
Let w be 24/21*21/6. Suppose f + 3*p + 3 - 11 = 0, f - 12 = -5*p. Suppose -f*j = -w*j, s = -2*j + 19. List the prime factors of s.
19
Let f be 222/30 + (-4)/10. Suppose 0 = -f*a + 20*a - 26. Let m(o) = 15*o**3 + 2*o**2 + o. What are the prime factors of m(a)?
2, 5, 13
Let p(y) = -11*y - 16*y - 21*y**2 - y**3 - 5*y + 5*y - 108. List the prime factors of p(-22).
2, 5, 97
What are the prime factors of 16/(-20) - (5 + 12/10) - -19805?
2, 19, 521
Let a(f) = -13*f - 29. Let i be a(-3). What are the prime factors of (-2)/(-5) + 706/i?
71
Let b = 101647 - 70063. List the prime factors of b.
2, 3, 7, 47
Let f = -32 - -25. Let z = f + -34. Let x = z + 101. What are the prime factors of x?
2, 3, 5
Suppose -5*f + 2 = -3*f. Let o(x) be the second derivative of 16*x**3 + 2*x**2 - 69*x + 1. What are the prime factors of o(f)?
2, 5
Suppose 18 = 925*f - 919*f. Suppose -3*j + 601 = -5*n, -2*j - 2*n - 201 = -f*j. List the prime factors of j.
197
Let l(f) = -f**2 + 3*f - 6. Let u be l(3). Let o(c) = 3*c**2 + 18*c + 3. Let g be o(u). Suppose 6*k - 441 = -g*k. List the prime factors of k.
7
Let p(v) be the first derivative of -v**5/60 - 3*v**4/8 - 8*v**3/3 - 5*v**2/2 + 15. Let f(g) be the second derivative of p(g). List the prime factors of f(-6).
2
Suppose -18*q + 62*q = 1003668 - 74564. List the prime factors of q.
2, 5279
Let s be -8*((-1)/(-1))/1. Let a be (-6)/2*8/s. Suppose -29 = -a*b + 241. List the prime factors of b.
2, 3, 5
Suppose -3*y + 14 = 8, 0 = -3*v - 2*y + 244. Let j = v - -33. Suppose b + b = p + j, 0 = -3*b + 3*p + 171. What are the prime factors of b?
2, 7
Let b(u) = 7*u**3 + 6*u**2 - 37*u + 272. What are the prime factors of b(17)?
2, 17, 263
Suppose -2*c - s + 27 = -0*c, -3*s = -c + 17. Let u = c + -8. What are the prime factors of -6*29*(-3)/u?
3, 29
Suppose 118*q + 26*q - 56330 = 183718. What are the prime factors of q?
1667
Let j = -28 + 57. Let k(o) = -15 + j - 9*o - 2 + 26. What are the prime factors of k(-14)?
2, 41
Suppose -5*h = 65 - 15. Let m be (-2)/h + 2688/10 + -1. Suppose 2*k = 5*s - m - 438, 0 = 4*s - 4*k - 572. List the prime factors of s.
2, 5, 7
Let p = 0 + -7. Let a be (-4)/40*-5*4. What are the prime factors of p/1*(-4)/a?
2, 7
Suppose -45*u - 4*u + 490 = 0. What are the prime factors of u/6 + -1 - (-23600)/60?
2, 197
Let r be 16/(-12)*(-12)/(-4). Let z be ((-34880)/(-15))/(-8)*(-9)/r. What are the prime factors of 1/(3 - z/(-219))?
73
Suppose 2*y - 59475 = 7*t, 5*t + 38 - 23 = 0. List the prime factors of y.
3, 367
Suppose 2*z - 32 = -4*k, 4*z + 4*k = -14 + 70. Let n = -52 - 12. List the prime factors of z/((-134)/n + (-4)/2).
2
Let w(b) be the third derivative of -b**5/12 - b**4/6 - 11*b**3/3 - 12*b**2. Let c be w(-4). Let y = 250 + c. What are the prime factors of y?
2, 41
Let g be 10430/(-245) - 4/(-7). Let c = g + 306. What are the prime factors of c?
2, 3, 11
Supp